t x(j) = -j**3 - 6*j + 6*j + 2*j - 3*j**2. Give x(-4).
8
Suppose 3*g = 4*i + 18, -5*g - 4*i = -i - 1. Let h(r) = g*r + 1 - 5*r + 0. Calculate h(-2).
7
Let l(d) = d**2 + 6*d + 3. Suppose 4 = 4*j - 2*j. Suppose 5*q + 1 = 2*b + 10, 5*b - 50 = -2*q. Suppose 2 = h - 4*f, -4*h - b = -h + j*f. Calculate l(h).
-5
Let j(q) = 15*q**3 - 3*q**2 - 7*q - 7. Let o(h) = 5*h**3 - h**2 - 2*h - 2. Let n(y) = 2*j(y) - 7*o(y). Give n(1).
-4
Let k(j) = -j - 12. Suppose 18*q + 64 = 10*q. What is k(q)?
-4
Suppose 7*n = 4*y + 2*n + 19, -4 = -2*y - 2*n. Let x(b) be the third derivative of -b**4/6 - b**3/6 - b**2. Give x(y).
3
Let x(z) = 2*z - 7. Let o(s) = -s**2. Let r(b) = 4*b**2 - 6*b + 3. Let f(m) = -3*o(m) - r(m). Let p be f(4). Give x(p).
3
Suppose 2 = b + 4, -3*b - 11 = -g. Let q = 5 - g. Let i(m) = -m**2 + 12. Calculate i(q).
12
Let y be 36/(-15) + 4/10. Let j(o) be the first derivative of 3 - 2*o + 1/2*o**2. Calculate j(y).
-4
Let p(d) = d + 3. Suppose -2*g + 5*o + 20 = 0, 0*g = -3*g - 4*o + 30. Suppose 2*c - g = -0*c. Let t = c + -5. Give p(t).
3
Let g(r) = -3*r + 5 - 4*r + r**2 + 9*r + 3*r. Suppose 5*f + 3*i = 3, -4*i = 5*f - 2 + 3. Suppose 0 = -5*b - 5*z, 0*b + 5 = -4*b - f*z. Give g(b).
5
Suppose -4*s + 10 = -3*s + 5*k, -2*s + 56 = -2*k. Let a be 10/s - 8/(-5). Let u(v) = -4*v + 1 + 2*v - v**2 - 2*v**a. Calculate u(1).
-4
Suppose 5*y = -25, 3*c - y - 17 = -0. Suppose 2*t = c*t - 6. Let l(f) = t*f - f + 13 - 20. Determine l(5).
3
Suppose -2*n + 1 = -9. Let u(v) = -7*v**3 + 7*v**2 - 13*v. Let r(m) = 4*m**3 - 3*m**2 + 7*m. Let p(b) = 5*r(b) + 3*u(b). Give p(n).
5
Let c(p) = p**2 - 9*p - 3. Let x(b) = b**3 - 11*b**2 + 11*b - 1. Let i be x(10). Calculate c(i).
-3
Let h(o) be the third derivative of o**7/2520 + o**6/120 + o**5/60 - 2*o**2. Let u(f) be the third derivative of h(f). What is u(-4)?
-2
Let w = -29 - -29. Let s(b) = -b**3 + 8. Determine s(w).
8
Let b(p) = -p**2 - 9*p - 5. Let o(i) = 4*i**2 + 37*i + 19. Let a(r) = -9*b(r) - 2*o(r). Give a(-5).
-3
Let d(x) = 9*x + 3. Suppose -5*r - 5 = -2*j - 2*j, -j = r + 10. Let n(k) = -5*k - 2. Let m(i) = j*n(i) - 3*d(i). Calculate m(4).
-7
Let d be 0 + 2/((-6)/(-9)). Suppose d*v + 10 = -2*v. Let m(j) = -j**2. Let r(w) = -w**3 - w**2 - w - 2. Let o(z) = m(z) + r(z). Give o(v).
0
Let n(w) = w + 5. Let u = -24 - -25. Suppose -1 = -8*m + 3*m - k, m + 11 = -3*k. Let f = m - u. Give n(f).
5
Let g(v) = -5*v + 8. Let w(i) = -i**3 + 8*i**2 - 9*i + 10. Let t be w(7). Let z(h) = -2 - 8 - 5 + 11*h. Let q(n) = t*z(n) - 9*g(n). Give q(5).
-7
Let o(f) = f**2 + f + 1. Let j(a) = a**2 - 11*a + 8. Let t be j(9). Let n = t - -8. Determine o(n).
3
Let m(p) be the third derivative of 5*p**4/8 - p**3/6 + 4*p**2. Determine m(1).
14
Let v be 4/18 - (-6)/(-27). Suppose v = -6*r + 3*r. Let k(y) = r + y + 0. What is k(-5)?
-5
Let i(f) = 29*f. Let k(y) = -y + 5. Let l be k(-4). Let c(v) = -7*v. Let g(u) = l*c(u) + 2*i(u). Calculate g(1).
-5
Let d(x) = x**3 - x**2 - 5. Let i = 15 - 6. Suppose 6 = 5*p + 2*v, -3*p + 3*v = -p + i. Give d(p).
-5
Let b(t) = 38*t + 39*t - 8 - 76*t. What is b(6)?
-2
Let g(s) = 7*s**3 + 9*s**2 + s - 8. Let b(n) = 20*n**3 + 26*n**2 + 2*n - 23. Let q(z) = -6*b(z) + 17*g(z). Calculate q(-3).
-13
Let d be (-4)/10 - (-36)/15. Suppose -2*u = -0*u + d. Let i(y) = -2*y**3 - 2*y**2 - 2*y + 2. Let p(g) = g**2 + g - 1. Let b(r) = -2*i(r) - 4*p(r). What is b(u)?
-4
Let w(k) = -k**2 - 3*k - 4. Suppose -3*a - 1 = -5*b + 34, 2*a = -5*b + 10. Calculate w(a).
-14
Let z(k) be the second derivative of 3*k**5/20 + k**4/12 + k**3/6 + k**2/2 + 3*k. What is z(-1)?
-2
Let d(f) be the second derivative of 3*f + 0*f**3 + 0 - 1/12*f**4 - 7/2*f**2. Calculate d(0).
-7
Let t(w) = -2*w - 3. Let h be t(-2). Let l(z) = -21*z**3 - 3*z**2 - 4*z - 5. Let k(b) = -10*b**3 - b**2 - 2*b - 2. Let r(a) = -7*k(a) + 3*l(a). Give r(h).
6
Let m(s) = s**2 - 4*s + 1. Let u = 32 - 29. What is m(u)?
-2
Let h(c) = 5*c + 2*c**2 - 5*c**2 + 4 - 8 + 4*c**2. Determine h(-7).
10
Suppose 0 + 8 = 4*b. Let z be b/(-10) - 24/5. Let y be 27/z - (-14)/35. Let i(g) = g + 8. Give i(y).
3
Let v = 6 + -6. Let n(h) = h. Let i(r) = 7*r - 5. Let j(d) = i(d) - 6*n(d). What is j(v)?
-5
Let j(w) = 3*w**2 + 3*w**2 - 4*w**2 + 2 - 2*w - 1. Let y be (0/(-3))/(6/2). Let a = y + 2. What is j(a)?
5
Let f(p) = -p**3 - 2*p**2 + 2*p + 2. Let q = 31 + -16. Suppose -y = 3*m + 2*y - q, 2*m - 6 = -3*y. Let c(b) = b**2 - 10*b + 6. Let u be c(m). Give f(u).
5
Let j(v) be the first derivative of v**7/840 - v**5/60 + 7*v**3/3 + 7. Let b(i) be the third derivative of j(i). Give b(-2).
-4
Let n(c) = 11*c**2 - 10*c + 26. Let v(b) = 4*b**2 - 3*b + 9. Let l(s) = 3*n(s) - 8*v(s). Determine l(7).
13
Let q(f) = -f - 5. Let h be q(0). Let j(a) = 3*a - 2771 + 2771. Determine j(h).
-15
Let z(x) = x + 1. Suppose -2*h + 6 = -0*h. Calculate z(h).
4
Let v(b) be the third derivative of -b**5/60 - b**4/4 + 3*b**3/2 + 10*b**2. Determine v(-7).
2
Let q(t) = t - 6. Let a be -1*(1 + (0 - 0)). Let m(h) = -4. Let x(j) = -1. Let n(b) = a*m(b) + 3*x(b). Let r(v) = -3*n(v) - q(v). What is r(-3)?
6
Let r(z) = -2*z - 5. Suppose 4*y - 4*q + 16 = 0, 0 = 2*y - 2*q + q + 10. Let o(a) = -6*a - 3 - 2 + 0*a - a**2. Let d be o(y). Give r(d).
5
Let h(g) = -7*g**3 + 6*g**2 + 7*g - 4. Let k(w) = w**3. Let m(r) = -h(r) - 6*k(r). Determine m(7).
4
Let u be 10/50 - 4/(-5). Let k(n) = 2*n**2 - u + 3*n - 3*n**2 + 3*n. Determine k(4).
7
Suppose 3 = x - 2*o + 9, -3*o + 3 = 0. Let l(t) = t - 4. Determine l(x).
-8
Let l be (0 - -5) + -1 + 0. Let z be (-1 - 0)*2*-1. Let i(h) = 0 - z*h**2 - 4 + 2 - l*h. Give i(-2).
-2
Let q(a) = a - 9. Suppose 0 = 5*l - 15, -5*r + 59 = -0*l - 2*l. Determine q(r).
4
Suppose -4*w + w - 3 = 0. Let x(c) = -2*c**3 - 2*c**2 - 5*c - 1. Let f(s) = -5*s**3 - 5*s**2 - 14*s - 3. Let g(r) = 3*f(r) - 8*x(r). Give g(w).
1
Suppose 3*x - 15 = -3*p - 0*p, 15 = 3*p. Let s(h) = -2*h + x - 1 + h. Suppose 4 = 4*k, 4 = -2*t - 2*k - 4. Determine s(t).
4
Let o(q) = -2*q**2 - 3 + 2 + 1 - 4*q**3 + q. Give o(1).
-5
Let s(v) be the second derivative of v + 0 + 1/6*v**4 - 1/3*v**3 + v**2. Suppose -3*d + t + 0*t = -3, t = -2*d + 7. What is s(d)?
6
Let o(i) = 4*i + 1. Let r be 3/15*(-1 + 6). Let y(d) = d. Let b(h) = r*y(h) - o(h). Determine b(-1).
2
Let q(k) = -k - 13. Let h(t) = -9*t + 21. Let s be h(3). Calculate q(s).
-7
Suppose 0 = -5*t + 2*t. Let u(s) = t*s**3 - s**2 + 10 + s**3 - s**2 + 3*s**2. Determine u(0).
10
Suppose 0 = 3*z + 2*z - 5. Let r(y) be the third derivative of 0*y + 0*y**5 + 1/40*y**6 + y**2 + 1/12*y**4 - 1/6*y**3 + 0. Give r(z).
4
Let u(x) = 12*x**2 - 9*x**2 - 3 + 3*x - 2 - x**3. Calculate u(4).
-9
Let a(q) = -q**3 + 4*q**2 - 3*q + 2. Let w be (2/4)/((-2)/(-12)). Let m be a(w). Let y(g) = -g**2 + 3*g + 1. What is y(m)?
3
Suppose 3*q - 2*z = 38, -8 = 2*q - 3*z - 35. Suppose -p = p - q. Let u be (2 - -1)/(p/(-4)). Let y(w) = -w**2 - 3*w + 2. What is y(u)?
4
Let i(c) = -14 + 7 + 4 + c**2 - 4*c. Calculate i(6).
9
Let n be (-12)/9 + 2/6. Let m(r) = 3*r**3 - r**2 - r - 1. Calculate m(n).
-4
Let c(p) = -4*p**2 + p - 5. Let n be (16/(-6))/((-2)/3). Let v(u) = -3*u - 3*u**2 + 0*u**2 - n + 4*u. Let d(w) = -4*c(w) + 5*v(w). Determine d(-3).
6
Let a(o) = -o**3 - 8*o**2 - 7*o + 4. Let i be a(-7). Suppose -4*n = 5*k - 28, n - 14 = -k - i*n. Let s(y) = -y**3 + 5*y**2 - 4*y + 6. Calculate s(k).
6
Suppose 5*r = 92 - 97. Let f(m) = -2*m**2 + 3*m - 5. Let d(k) = k**2 - 4*k + 6. Let c = -12 - -7. Let u(n) = c*f(n) - 4*d(n). What is u(r)?
6
Let b = 20 + -28. Let z = 9 - 7. Let m = b + z. Let g(s) = s + 6. Determine g(m).
0
Let b(r) = 9*r**2. Let n(z) = -z. Let l be n(10). Let h(u) = -u - 9. Let d be h(l). Give b(d).
9
Let o(n) = -127*n + 4 + 126*n + 1. Give o(6).
-1
Let w(o) = -o**2 - 5*o. Let u be w(-5). Let j = -6 - u. Let n(x) be the second derivative of x**5/20 + 5*x**4/12 - x**3 + 3*x**2 + 9*x. Calculate n(j).
6
Let g = -6 - -1. Let l(z) = -2*z**3 - 3*z**2 - 17*z + 15. Let d(b) = b**3 + 2*b**2 + 8*b - 7. Suppose 3 = -2*a - 5. Let t(w) = a*l(w) - 9*d(w). Give t(g).
-2
Let v(t) = -t**2 - 6*t - 1. Suppose o + 0*o + 2*u = -4, -u = 0. What is v(o)?
7
Suppose 0 = 3*l + 3, 0 = a + 3*a + l + 21. Let q(t) = t. Let r(b) = -2*b + 8. Let x(d) = 3*q(d) + r(d). What is x(a)?
3
Let i(w) = -w**2 - 4*w - 1. Suppose -2*v + 3*j = -21, 4*v - 37 = 7*j - 2*j. Suppo